u) = -2*r(u) - x(u). Determine t(2).
6
Let f(c) be the third derivative of c**5/60 + c**4/8 + 5*c**3/6 + 3*c**2. Let r = -65 + 61. What is f(r)?
9
Suppose 0*g - 5*g + 7 = -3*u, 2*g = -2*u + 22. Suppose u*s = 2 + 16. Let l(o) be the third derivative of o**4/8 - o**3/6 - o**2. Determine l(s).
8
Let x be (-1)/(1/(-3) - 0). Let m(v) = x - 2*v**2 - v**2 - 4. Suppose -122*i + 96 = -218*i. What is m(i)?
-4
Let r(o) = -o**2 + o - 1. Let j be (-10 + 60)/((-2)/(-1)). Suppose -j*z = -26*z + 1. Give r(z).
-1
Let m(i) = i**2 - 3*i. Suppose -4*t - 22 = -10. Let a be t/15 - 16/(-5). Give m(a).
0
Suppose -r + 3*y = -3*r, y - 34 = 5*r. Let m(u) = 2*u + 9714 + 3*u - 9710 - 4*u. Determine m(r).
-2
Let j(x) = -2*x - 13. Let q be j(-8). Let y(t) = -t**2 - t**3 + 0*t + 3*t**2 - q*t**2 + 4*t - 1. Let p be y(-3). Let a(n) = n**2 - 4*n - 1. Calculate a(p).
4
Let j = -9 - -9. Let c(t) = -33 + j*t**2 + t**2 + 33. Let g be (-6)/(-10) - 2/(-5). Determine c(g).
1
Let f be (1 + 11/2)*(-126)/(-63). Let j(w) = -w**2 + 11*w - 3. Calculate j(f).
-29
Let w(i) = -10*i + 8 + 29*i - 7*i - 9*i. Let k = -7 - -1. Let a(n) = -n**3 - 6*n**2 - 6. Let d be a(k). What is w(d)?
-10
Let j = -468 - -468. Let q(z) = 7*z - 7. Give q(j).
-7
Let o(h) = h**3 + 8*h**2 - 7*h + 11. Let w be o(-9). Let y(s) be the third derivative of -s**5/60 - s**4/4 - s**3/3 - 72*s**2. What is y(w)?
-9
Let p be 2/2*(21 + -2) + 2. Let v(q) = p*q - 12 - q - 17*q. Give v(8).
12
Let p(o) = o**2 + 12*o - 6. Let m be p(-12). Let i = 2 - 0. Let q(h) = -1 + 13 - 2 - 1 + i*h. Calculate q(m).
-3
Let y(c) = -4*c. Let n(a) be the second derivative of 11*a**3/6 - a**2/2 + 3*a. Let s(z) = 3*n(z) + 8*y(z). Let r be 2 - (-2 - (-4 + 3)). Determine s(r).
0
Let v(o) = o**2. Let j(r) = -r**3 - 5*r**2 - 1. Let h(n) = -j(n) - 5*v(n). Let w(b) = -b**3 - 9*b**2 + 13*b + 31. Let c be w(-10). What is h(c)?
2
Let n be 3/(-5) - 9/(-15). Let x(i) = -3*i**2 + 6. Let s(b) = -5*b**2 + 7. Let a(v) = -2*s(v) + 3*x(v). Calculate a(n).
4
Let x(r) be the third derivative of -r**6/360 + 11*r**5/120 + 7*r**4/12 - 22*r**3/3 + 4*r**2. Let s(v) be the first derivative of x(v). What is s(12)?
2
Suppose r + 2*q - 6 = -r, 3*r - 5*q - 41 = 0. Let k(f) be the first derivative of f**2/2 - 4*f - 9. What is k(r)?
3
Let x(i) be the second derivative of -5*i**2 + 0 + 5/6*i**3 + 1/12*i**4 - 2*i. Let b be x(-7). Let h(d) = -d**2 + 6*d - 6. Calculate h(b).
2
Let q(s) = 3*s**3 - 3*s**2 + 1. Suppose 2*u = i + 58, 3*u + i = 2*i + 88. Let k be (-2)/(-6) - u/(-18). Give q(k).
13
Let o(d) = -7*d - 3. Let w(r) = -5*r + 1. Let s(a) = 2*o(a) - 3*w(a). Determine s(12).
3
Let s(a) be the second derivative of 0 - 2/3*a**3 - 1/3*a**4 + 0*a**2 + 22*a + 1/20*a**5. Calculate s(5).
5
Let h(k) = -k**3 + 3*k**2 + 2*k - 3. Let f be h(3). Let p(i) be the first derivative of f*i**2 - 7*i**2 + 0*i**2 + 1. Give p(-1).
8
Let a(i) = -12*i - 14. Let s(m) = -5*m - 7. Let d(o) = 2*a(o) - 5*s(o). Give d(-8).
-1
Let d(h) be the first derivative of 7*h**4/6 + h**3/6 + 16*h + 22. Let k(o) be the first derivative of d(o). Suppose -2*m + 15 = -5*m - 4*z, -z = 3. Give k(m).
13
Let g(k) be the second derivative of -5*k + 1/12*k**5 + 1/120*k**6 + 0*k**3 + 0 + 3*k**2 + 1/24*k**4. Let f(x) be the first derivative of g(x). What is f(-5)?
-5
Let j(g) = -5*g**3 - 3*g**2 - 11*g - 2. Let b(a) = 9*a**3 + 5*a**2 + 20*a + 4. Let x(u) = 6*b(u) + 11*j(u). Determine x(-3).
5
Let t(p) = -p**2 - 132*p - 639. Let a be t(-5). Suppose 0*k - 10 = -4*g - 2*k, -5*g + 5 = -5*k. Let v(j) = -2*j + j + g*j + 7. Calculate v(a).
3
Let j(f) = f**3 + 23*f**2 - 8*f - 31. Let k(w) = -w**3 - 24*w**2 + 9*w + 30. Let s(y) = 7*j(y) + 6*k(y). Give s(-17).
-3
Let n(j) = j**3 + j**2 - j - 1. Suppose -5*i - 9 = -8*i. Let r(s) = -4*s**3 - 3*s**2 + 2*s + 2. Let y(m) = i*n(m) + r(m). What is y(-2)?
9
Let g(j) = j**2 - j. Let b(w) = w - 8. Let x be b(14). Suppose 0*o + x = 2*r - 3*o, 3*r - 9 = -o. Determine g(r).
6
Let z be ((-28)/(-10) + -2)*5. Suppose z*q = 13*q. Let c(m) = -m**3 + m**2 - 9. Calculate c(q).
-9
Let a(s) = s**3 + 4*s**2 - 7*s - 3. Let j be (-92)/(-22) - (-6)/(-33). Let t = 0 + j. Suppose 5*o = 5*u + 3 + 42, -3*o + 32 = -t*u. Determine a(u).
7
Let u(f) be the first derivative of f**2/2 - 8*f - 47. Give u(4).
-4
Let c(t) = 10*t - 18. Let i(k) = -k - 3. Let f(p) = -c(p) - 8*i(p). Determine f(18).
6
Let p(x) = x + 5. Let d = -90 + 90. Suppose 2*j - y + 6 = 0, d*j - 2*j - 2 = -2*y. Give p(j).
0
Let m(l) be the first derivative of -l**4/4 + 5*l**3/3 - l**2/2 + 7*l - 8. Suppose -5*h - 3*s = -71, -61 = -4*h - 2*s + s. Let v = h - 11. Give m(v).
2
Let u be ((-1)/2)/(76/(-760)). Let g(k) = -5*k**2 + 18*k - 12*k + 4*k**2 + 3. Determine g(u).
8
Suppose 523*g - 527*g + 8 = 0. Let r(b) be the third derivative of -7/24*b**4 + 7/6*b**3 + 0 + 1/60*b**5 + 0*b + 11*b**g. Calculate r(5).
-3
Suppose 0 = -5*b + 3*h - 5, 12 = 2*b + 3*h - 7. Let s(o) be the third derivative of 0 + 1/12*o**4 - 2*o**2 + 0*o - 1/6*o**3. Give s(b).
3
Let l(f) = -162*f - 1778. Let z be l(-11). Let b(k) = -4*k**2 - 3*k + 8. Let v(a) = a**2 - 1. Let t(g) = -2*b(g) - 10*v(g). What is t(z)?
-14
Let j(d) = d - 20. Let q(z) = -4*z + 99. Let m(x) = 11*j(x) + 2*q(x). Determine m(8).
2
Let i(s) be the first derivative of -s**3/3 - 8*s**2 + 269. Calculate i(-16).
0
Let g(j) be the third derivative of -j**5/60 - j**4/8 + 5*j**3/6 + j**2. Suppose 0 = 23*q - 30*q - 133. Let x = 14 + q. Determine g(x).
-5
Suppose -5*a + 3 = -4*a. Let i = 30 - 25. Let j be i/(-10)*-4 - a. Let q(s) = -8*s**3 + 2*s**2 + s. What is q(j)?
9
Let h(l) = -367*l - 3*l**2 - 8 + 373*l + 2*l**2. Calculate h(6).
-8
Let p(y) = 2*y**2 - 3*y - 1. Let z = 34 - 33. Let f be (z + 3)/(2 - 1). What is p(f)?
19
Let f(n) = 2 + n**3 - 3*n**3 - 14*n**2 + n**3. Let y be f(-14). Let u(s) = 3 - s**y - 1 + 2 - 2*s. Determine u(-5).
-11
Let t(p) = -2 + 0 + 3 + 6*p + p**2. Suppose -351*u + 2*z + 4 = -352*u, -3*u - 21 = -3*z. Calculate t(u).
1
Suppose -66 - 39 = -21*a. Suppose -2*q + 4 = -z, 7*z - 2*z - 4*q - 10 = 0. Let w(j) = z*j - a*j - 3 + 1. What is w(3)?
1
Let l(t) = 8*t**2 + 2*t - 3. Let h(y) = 15*y**2 + 3*y - 5. Let f(x) = 4*h(x) - 7*l(x). Determine f(2).
13
Let f(q) = -q**3 + 4*q**2 + 4*q - 4. Let i(s) = -s**2 + 5*s + 5. Let r = 6 + 6. Let x = r - 7. Let v be i(x). What is f(v)?
-9
Let m(u) be the second derivative of -u**4/2 - u**3/6 - u**2/2 - 125*u. Let z = -4 + 3. Give m(z).
-6
Let f(y) be the third derivative of y**5/60 + 7*y**4/12 - 8*y**3/3 + 11*y**2 - 3. Calculate f(-15).
-1
Let v(k) = -k**3 + 2*k**2 + 2*k - 1. Let c(f) = -f**3 - f**2 - f + 12. Let w be c(0). Let z = 17 - w. Suppose -z*d = -d - 12. Give v(d).
-4
Let k(h) be the third derivative of -3/20*h**5 + 4*h**2 + 0*h + 1/24*h**4 - 11/6*h**3 + 0 + 1/120*h**6. Let y be ((-18)/(-8))/((-3)/(-12)). Give k(y).
-2
Let h = -34 + 38. Let s be -1 - (5 + (0 - h)). Let c(g) = g**3 - g**2 + 2*g + 1. Determine c(s).
-15
Let n(j) = -j**3 - 7*j**2 - 6*j + 8. Let f(k) be the third derivative of -k**4/8 + 11*k**3/2 - 21*k**2. Let i be f(13). Calculate n(i).
8
Let g(m) = -m**3 - 2*m**2 + 2. Let p(b) = -2*b**3 - 5*b**2 + b - 42. Let s(u) = -3*g(u) + p(u). Calculate s(0).
-48
Let k(v) = 10*v - 3. Suppose -7*z + 14 = -0. Determine k(z).
17
Let z(l) = 4*l**3 - l**2 + l - 1. Let u be z(1). Let g(j) be the first derivative of -7 - 1/2*j**2 + u*j + 1/4*j**4 - 2/3*j**3. Calculate g(3).
9
Suppose 4*z - 18 = -5*z. Suppose z*s + 31 = 35. Let g(c) = -2*c + 3. Determine g(s).
-1
Let n be (3 - 2) + 9/(-1). Let g = -5 - n. Let r(h) = -h**3 + 0*h + h - g*h**2 + 1 + 5*h**2. Determine r(2).
3
Let v(q) = -1 - 7*q + 3*q + 0. Let g = -203 + 84. Let w be 221/g + (-2)/14. What is v(w)?
7
Let a(v) = -v + 6. Let w be a(3). Let r(k) = 0 + 5*k + 2*k**3 + 3 - w*k**3 + 4*k**2. Suppose -5*h + 2 = -23. Determine r(h).
3
Let x(l) = -l**2 - l. Let v(f) = 7*f**3 - 12*f**2. Let c(g) = -v(g) + 6*x(g). Let d(w) = -8*w**3 + 7*w**2 - 7*w. Let h(o) = 7*c(o) - 6*d(o). What is h(0)?
0
Let w(u) be the first derivative of -u**6/360 + u**5/12 + 7*u**4/24 + 11*u**3/3 - 2*u + 11. Let a(o) be the third derivative of w(o). Give a(10).
7
Let q(v) = v**3 + 6*v**2 + 8*v + 1. Let r be q(-2). Let x(c) = 4*c**2 + c - 2. Give x(r).
3
Suppose -3 = 3*v - m + 1, -8 = 5*v - 2*m. Suppose 5*t + q - 12 = v, 3*q = -2*t + 3 + 7. Let h(x) = -7*x